 = v**3 + 2*v**2 - 1. Give g(-4).
-33
Let w(l) = 2*l**2 + 12*l - 71. Determine w(4).
9
Let q(h) = -h**3 + 32*h**2 - 85*h - 50. Calculate q(29).
8
Let k(m) = -m**2 - 5*m + 67. What is k(-11)?
1
Let v(k) = k**3 - k**2 - 5*k + 4. What is v(-3)?
-17
Let q(b) = b**3 + 7*b**2 + 3*b + 14. Calculate q(-7).
-7
Let y(o) = -o**3 - 22*o**2 - 23*o - 25. Calculate y(-21).
17
Let m(d) = -d**3 + 18*d**2 + 21*d - 35. Give m(19).
3
Let n(m) = m**3 + 9*m**2 + 11*m + 12. Determine n(-8).
-12
Let s(g) = -g**2 - 16*g. Calculate s(-16).
0
Let b(j) = -11*j + 14. Give b(2).
-8
Let t(q) = 5*q - 122. What is t(17)?
-37
Let w(a) = -a**3 + 2*a**2 + 8*a - 17. What is w(2)?
-1
Let x(s) = s**3 - 8*s**2 - 24*s + 15. Give x(10).
-25
Let p(k) = 5*k**2 - 2*k + 1. What is p(-3)?
52
Let z(f) = f**2 - 6*f + 6. What is z(6)?
6
Let p(d) = -2*d**2 + d + 2. Determine p(-3).
-19
Let w(j) = -j**3 + 7*j**2 - 9*j + 12. Calculate w(6).
-6
Let o(n) = n + 1. Give o(7).
8
Let j(r) = r**3 - 3*r**2 - 5*r - 2. Calculate j(4).
-6
Let q(n) = n**3 + 9*n**2 + 7. Determine q(-9).
7
Let z(m) = m**2 + 3*m - 7. Determine z(6).
47
Let i(u) = u + 10. Calculate i(-11).
-1
Let u(l) = l**2 + 17*l + 16. Give u(-17).
16
Let b(m) = -3*m + 31. Determine b(18).
-23
Let g(a) = -a**2 + 8*a - 11. Determine g(7).
-4
Let u(j) = -2*j**3 + 8*j**2 + 13*j - 13. Calculate u(5).
2
Let z(d) = 4*d**2 - 37*d - 35. What is z(10)?
-5
Let d(w) = w**3 - 9*w**2 + 12*w - 10. Give d(8).
22
Let h(a) = a**2 + 11*a + 4. Calculate h(-11).
4
Let p(o) = 60*o**2 + 2*o + 2. Determine p(-1).
60
Let u(i) = 3*i + 9. What is u(1)?
12
Let t(u) = 7*u - 28. Give t(5).
7
Let d(v) = -17*v - 20. Determine d(-4).
48
Let h(f) = 2*f - 33. What is h(15)?
-3
Let f(m) = m**3 - 11*m**2 + 10*m - 14. Calculate f(10).
-14
Let h(c) = 4*c - 33. Determine h(10).
7
Let c(j) = -j**3 - 6*j**2 - 3*j - 4. What is c(-6)?
14
Let j(n) = -15*n - 12. Calculate j(-5).
63
Let y(j) = -j**2 + 6*j + 3. Calculate y(7).
-4
Let l(k) = k**3 + 11*k**2 + 3*k + 23. Give l(-11).
-10
Let t(q) = -q**2 - 2*q - 28. Give t(7).
-91
Let m(h) = 2*h**3 + 2*h**2 - 3*h + 1. What is m(2)?
19
Let y(o) = o**3 - 28*o**2 + 5*o - 29. Determine y(28).
111
Let h(m) = 2*m**3 - 19*m**2 + 25*m - 16. What is h(8)?
-8
Let x(k) = -3*k**2 + k. What is x(-1)?
-4
Let a(m) = 8*m - 20. Calculate a(2).
-4
Let b(n) = -n**3 - 5*n**2 + 4*n - 9. Calculate b(-6).
3
Let b(u) = -u**3 + 4*u**2 + 4*u - 4. Calculate b(5).
-9
Let v(c) = -2*c**2 - 23*c - 10. Give v(-11).
1
Let r(c) = 13*c**2 - 2*c + 2. Determine r(1).
13
Let n(i) = 3*i**2 - 5*i - 8. Calculate n(-5).
92
Let d(u) = -u**2 + 13*u + 57. Calculate d(17).
-11
Let t(w) = -7*w - 105. What is t(-17)?
14
Let x(u) = -2*u**3 - 18*u**2 - 14*u + 28. What is x(-8)?
12
Let d(f) = -f**3 + 48*f**2 - 6*f + 290. Give d(48).
2
Let j(k) = k - 12. Determine j(14).
2
Let q(v) = -4*v**2 - 219*v - 150. Calculate q(-54).
12
Let c(a) = a**3 - 18*a**2 + 12. Determine c(18).
12
Let i(u) = u**2 - 8*u - 1. Determine i(5).
-16
Let d(c) = c**3 + 5*c**2 - 5*c - 1. Give d(-5).
24
Let u(s) = -89*s + 536. Give u(6).
2
Let t(i) = -i**2 - 66*i + 363. Determine t(5).
8
Let d(x) = -x**2 + 7*x + 46. Calculate d(11).
2
Let f(r) = 2*r**2 + 15*r - 54. Give f(-10).
-4
Let m(j) = 17*j - 3. Calculate m(-3).
-54
Let z(m) = 7*m**2 - 1. Determine z(-3).
62
Let n(k) = -k**2 - 9*k + 5. Determine n(-10).
-5
Let l(k) = 6*k**2 - 2*k + 5. Determine l(3).
53
Let l(c) = -c**3 + 45*c**2 + 2*c - 90. Calculate l(45).
0
Let k(g) = -14*g + 21. Determine k(3).
-21
Let a(z) = z + 17. What is a(-5)?
12
Let i(x) = 4*x - 13. Give i(4).
3
Let y(n) = 5*n + 1. Calculate y(3).
16
Let o(t) = -t**2 + 16*t - 12. Give o(16).
-12
Let s(m) = m**3 - 8*m**2 - 3*m + 3. What is s(8)?
-21
Let t(h) = -h**2 - 2*h - 8. Calculate t(0).
-8
Let y(v) = 3*v**3 - 4*v**2 + 4*v + 1. Calculate y(2).
17
Let r(i) = -7*i + 1. Determine r(6).
-41
Let a(r) = -12*r**2 + 458*r - 78. Give a(38).
-2
Let i(p) = -p**3 + 2*p**2 - 2*p + 2. What is i(3)?
-13
Let t(f) = f**3 + 11*f**2 + 9*f - 5. Give t(-10).
5
Let f(t) = t**3 - 5*t**2 - 6*t + 4. Calculate f(6).
4
Let y(t) = -t**2 - 6*t - 7. What is y(-4)?
1
Let w(q) = q**3 - q. Give w(2).
6
Let h(w) = -2*w**2 + 8*w - 1. Calculate h(2).
7
Let q(u) = -18*u - 27. Determine q(-2).
9
Let c(s) = 5*s + 24. Determine c(-5).
-1
Let p(g) = -g**3 - 20*g**2 - 70*g + 21. What is p(-15)?
-54
Let r(t) = -t**2 + 19*t + 10. Give r(8).
98
Let p(m) = -2*m - 21. Give p(-10).
-1
Let r(f) = 199*f + 5. What is r(1)?
204
Let z(n) = -n**2 - 12*n + 1. Calculate z(-11).
12
Let v(r) = -2*r - 13. Determine v(-8).
3
Let z(k) = k**3 + 3*k**2 - 14*k - 12. Give z(-5).
8
Let u(s) = -s - 12. What is u(-9)?
-3
Let d(m) = 4*m + 9. Calculate d(-5).
-11
Let r(d) = -d**2 - 13*d - 5. Give r(-8).
35
Let l(d) = -d**2 + 8*d - 19. Calculate l(7).
-12
Let i(o) = -o**3 + 13*o**2 + 2*o - 12. What is i(13)?
14
Let k(z) = z**2 - 5*z + 12. Determine k(3).
6
Let d(l) = 5*l**3 - 14*l**2 + 4*l + 2. What is d(2)?
-6
Let d(p) = -4*p + 12. Give d(-9).
48
Let n(p) = -p**3 + 24*p**2 + 179*p - 6. Give n(-6).
0
Let m(f) = 5*f + 20. Calculate m(-9).
-25
Let f(u) = u**3 - 8*u**2 + 4*u + 9. Determine f(7).
-12
Let j(q) = q**2 + 8*q + 8. Give j(-5).
-7
Let o(s) = -6*s**3 - s**2 - 2*s + 7. Calculate o(2).
-49
Let k(c) = -8*c**2 + 2. Calculate k(-2).
-30
Let a(m) = 2*m**2 + 6*m - 10. Calculate a(2).
10
Let u(n) = -2*n**3 + 31*n**2 + 15*n + 19. Calculate u(16).
3
Let w(g) = g**2 + 5*g - 16. Give w(-7).
-2
Let y(r) = r**2 - 8*r + 20. Calculate y(6).
8
Let p(w) = -24*w - 20. Give p(-1).
4
Let j(m) = -5*m**2 + 10*m - 33. Determine j(6).
-153
Let l(d) = 25*d + 227. What is l(-9)?
2
Let l(f) = 25*f - 40. Give l(4).
60
Let r(o) = o**2 - o - 17. What is r(-7)?
39
Let l(d) = -2*d + 31. What is l(0)?
31
Let h(d) = -3*d - 3. Determine h(-4).
9
Let u(t) = 6*t**3 + t**2 - t - 1. Calculate u(-1).
-5
Let w(g) = -g**3 + 23*g**2 + g - 28. Calculate w(23).
-5
Let h(c) = c + 2. What is h(6)?
8
Let r(x) = x**2 + 13*x + 29. Calculate r(-12).
17
Let w(z) = -z**3 - 3*z**2 + 8*z + 10. Determine w(-4).
-6
Let o(i) = 8*i + 24. What is o(-3)?
0
Let p(c) = c**2 - 14*c + 32. Give p(11).
-1
Let b(k) = k**3 - 6*k**2 - 17*k + 9. What is b(8)?
1
Let k(i) = 6*i - 19. What is k(4)?
5
Let r(x) = -2*x + 12. Determine r(-5).
22
Let f(n) = -10*n + 27. Calculate f(3).
-3
Let u(i) = i - 6. Calculate u(-2).
-8
Let h(a) = 8*a + 6. Calculate h(-3).
-18
Let x(p) = -p**3 + p**2 + 13*p + 23. Determine x(-3).
20
Let u(k) = -3*k - 8. Give u(-2).
-2
Let x(z) = 6*z + 60. Give x(-10).
0
Let g(a) = -a - 5. Give g(9).
-14
Let q(f) = f**2 + 9*f - 2. Give q(-9).
-2
Let w(j) = j**2 + 32*j - 239. Give w(-38).
-11
Let l(j) = -7*j + 7. Calculate l(6).
-35
Let t(o) = 3*o - 25. Give t(18).
29
Let u(y) = -4*y**2 - 19*y - 8. Give u(-7).
-71
Let r(a) = 11*a + 38. Give r(-5).
-17
Let h(v) = -5*v**2 + 12*v - 33. Determine h(4).
-65
Let r(k) = -k - 5. Calculate r(-7).
2
Let u(h) = h + 5. Determine u(0).
5
Let n(y) = -y**3 + 17*y**2 + 18*y + 10. What is n(18)?
10
Let v(s) = -4*s**2 - 28*s + 27. What is v(-7)?
27
Let l(f) = f**3 - 7*f**2 - f + 10. Give l(7).
3
Let u(r) = r**3 - 6*r**2 - 8*r - 60. Give u(8).
4
Let u(p) = -2*p**3 + 29*p**2 - 10*p - 39. Calculate u(14).
17
Let a(k) = k**3 + 4*k**2. Calculate a(-4).
0
Let y(s) = s**2 - 7*s + 15. Calculate y(3).
3
Let s(b) = 39*b - 1. Determine s(1).
38
Let g(i) = i**3 + 38*i**2 + 72*i - 2. What is g(-36)?
-2
Let l(w) = 7*w - 12. Calculate l(-6).
-54
Let o(y) = -y**3 + 7*y**2 - 8*y + 4. Calculate o(6).
-8
Let g(n) = 25*n**2. Give g(1).
25
Let v(x) = -2*x**2 + 2*x + 1. Give v(3).
-11
Let o(n) = 3*n - 39. Determine o(10).
-9
Let v(n) = -n - 20. Give v(-11).
-9
Let p(n) = -n**3 + 18*n**2 + 18*n + 18. Determine p(19).
-1
Let m(n) = n**3 + 12*n**2 - 13*n - 12. Determine m(-13).
-12
Let f(m) = -2*m**3 + 16*m**2 - 4*m + 41. Calculate f(8).
9
Let z(w) = 2*w - 8. Determine z(7).
6
Let c(b) = 2*b**2 - 15*b + 12. Determine c(7).
5
Let m(r) = -r**3 + 11*r**2 - r + 15. Determine m(11).
4
Let t(v) = v**2 + 7*v + 4. Calculate t(-6).
-2
Let j(f) = -f**2 - 16*f - 3. Determine j(-14).
25
Let a(z) = z**3 + 10*z**2. What is a(-10)?
0
Let o(n) = -2*n**3 - 12*n**2 + 6*n + 39. What is o(-6)?
3
Let k(z) = -z**3 - 3*z**2 + 7*z + 5. Give k(-4).
-7
Let n(g) = -g**3 - 4*g**2 - g + 6. Give n(-5).
36
Let k(x) = x**2 - 10*x + 2. Determine